 What is the greatest common factor of n and 8998?
22
Let b = -94 + 97. Suppose b*n - 89 + 74 = 0. Calculate the highest common factor of n and 80.
5
Let i = -61 + 70. Suppose i*r - 280 = -64. Calculate the greatest common factor of 432 and r.
24
Suppose -2*g - 32*q = -31*q - 643, -655 = -2*g + 3*q. What is the highest common divisor of g and 221?
17
Let a(q) = 1418*q - 5037. Let j be a(6). Calculate the greatest common divisor of j and 39.
39
Let u(k) be the second derivative of -k**3/3 + 36*k**2 - 7*k + 2. Let i be u(18). What is the highest common factor of 48 and i?
12
Let g be 1/(150/90*2/10). Suppose -2*w - 2*t + 20 = 0, -5*w - 5*t + t = -48. What is the greatest common divisor of g and w?
1
Suppose 19*c - 17*c = 119*c - 11115. Let l be -1 - -11*(2 - 1). What is the highest common divisor of c and l?
5
Suppose 8*u = 17*u - 27. Suppose -236 = -u*q + 4*h, -303 = -3*q - h - 92. What is the highest common divisor of 24 and q?
24
Suppose -30*r + 44*r - 4690 = 0. What is the highest common divisor of 268 and r?
67
Let c(n) = -n**3 - 11*n**2 - 16*n + 13. Let b be c(-9). Let j(w) = 43*w + 226. Let v be j(b). What is the highest common factor of v and 748?
11
Let s = 22 + -18. Suppose -s*c + 156 = 2*c. Let z be 7432/c - (-12)/78. Calculate the greatest common divisor of z and 26.
26
Let y be (-269439)/(-1539) + 57 - 2/27. Let x be 1 - (1 + 0 + -29). What is the highest common divisor of x and y?
29
Let c be -6 + ((-2)/(-7))/(4/28). Let s be (4 - (c + 9))/((-1)/19). What is the highest common factor of s and 513?
19
Let s = -143 - -160. Suppose -2*z = -s*z + 510. What is the highest common factor of z and 34?
34
Suppose 2*r + 3*k - 17028 = 0, -3*r + 8*k - 9*k = -25521. Calculate the highest common factor of r and 45.
45
Let f = 91 - -119. Let a be 3*(-356)/(-90) + 28/f. Calculate the highest common divisor of a and 9.
3
Suppose 0*m + 2*m + 54 = 0. Let r be (-8)/(-6)*m*30/(-18). What is the greatest common divisor of r and 8?
4
Let h(a) = -15*a - 162. Let d(u) = 7*u + 23. Let o be d(-5). Let r be h(o). Calculate the highest common factor of r and 24.
6
Suppose 5*x - 281 = -3*j, -4*x - 83 = -3*j - 324. What is the highest common factor of 290 and x?
58
Suppose 3*s = -2*s - 390. Let g be (-30)/(-8)*(-2288)/s. What is the highest common factor of 77 and g?
11
Let l(m) = -m**3 - 21*m**2 - 4*m + 10. Let x be l(-21). Suppose -4*w = 5*r + x - 358, 0 = 4*w - 4*r - 300. Calculate the highest common factor of 355 and w.
71
Let p(l) = -128 + 7*l - 96 - 2*l. Let r be p(47). Suppose 4*j - 3*o = 8 + 901, 949 = 4*j + 5*o. Calculate the highest common factor of j and r.
11
Let s(i) = 2*i**3 - 4*i**2 + 45*i - 33. Let d be s(5). Calculate the greatest common factor of d and 5529.
57
Let r be (16/20)/((-11)/((-2475)/6)). Suppose -33*c + r*c + 1128 = 0. Calculate the highest common factor of c and 94.
94
Suppose 25 = z + 4*z. Suppose 11*j - 14*j + 12 = 0. Suppose 2*q = -j*q + 390. What is the greatest common factor of z and q?
5
Let k(s) = 40*s + 1115. Let o be k(-27). What is the highest common divisor of o and 2485?
35
Let t(d) = -427*d - 889. Let q be t(-4). What is the greatest common factor of q and 144?
9
Let y be 0 - (-5)/45*3*3. Let f(s) = 18*s**2 + s - 2. Let a be f(y). Calculate the highest common factor of 255 and a.
17
Suppose -3*j + 38 = 8. Suppose 5*x = -4*v + j + 29, 2*x + 3*v - 10 = 0. What is the highest common divisor of 1 and x?
1
Suppose -30*b + 33774 = 197*b - 23430. What is the greatest common divisor of 468 and b?
36
Let s(j) = j**2 + 91*j + 600. Let i be s(-85). Calculate the greatest common factor of 3270 and i.
30
Suppose 17863 + 962 = 188*d + 213. Let q be 165 - (0 + 0)*1. What is the highest common factor of q and d?
33
Let t = -88 - -164. Suppose 2*d - 2*l = 378, -2*l = d - 98 - 94. Calculate the greatest common divisor of t and d.
38
Suppose 13776 = 2*v - a, -27564 = -4*v - 321*a + 317*a. What is the greatest common factor of 83 and v?
83
Let f(q) = 17*q**2 + q + 1. Let v be f(1). Suppose -l + v = -59. Let o be 12/18*l/4. What is the greatest common divisor of 65 and o?
13
Let o be 2/(-1 + 2) - -76. Let a be (-845)/(15 - ((-624)/(-32) + -2)). What is the highest common factor of o and a?
26
Suppose 50*x + 47767 - 80342 - 131425 = 0. What is the highest common divisor of 240 and x?
80
Suppose -5*i + 7*i = 0, -3*d + 2*i + 24 = 0. Let l(y) = 39*y - 103. Let b be l(d). Calculate the highest common divisor of b and 11.
11
Let p = -157 + 165. Calculate the highest common divisor of 126 and p.
2
Suppose 34*u - 26*u = 808. Calculate the greatest common factor of 1313 and u.
101
Suppose -3*k - z = -872, -5*k = -0*k - z - 1464. Suppose -5*l - 3*g = -378, 14*l - 10*l = -5*g + k. Calculate the highest common factor of l and 195.
39
Let h(n) = 5*n**3 + 2*n**2 - 6*n + 4. Let k be h(1). Suppose -k*d + 10*d = 505. What is the greatest common factor of 1 and d?
1
Let i be -2 + -2 + 8 + 1. Suppose -2*d = 5*z - 222, -i*z + 3*d + 158 = -84. Calculate the greatest common factor of 138 and z.
46
Let x(n) = 90*n - 906. Let q(w) = -30*w + 302. Let t(s) = -16*q(s) - 5*x(s). Let l be t(21). What is the highest common divisor of 123 and l?
41
Let u = -9554 + 16682. Suppose -20*d + 8*d + u = 0. What is the greatest common divisor of 54 and d?
54
Suppose -5*c = 3*z - 2071, 4*c + 3*z - 2388 = -733. What is the greatest common divisor of c and 92?
4
Let s be 11 + (-123)/11 + 5724/22. Suppose -s = 26*p - 936. What is the highest common divisor of p and 286?
26
Let q be (6076/(-245))/((-608)/(-305) - 2). Calculate the greatest common factor of 244 and q.
122
Let a = -302 - -456. Let h(u) = 15*u**3 - u. Let b be h(1). What is the greatest common divisor of a and b?
14
Let s(r) = -74*r + 4572. Let c be s(39). What is the highest common divisor of c and 4?
2
Let k be 3/6 - -26*6/8. Suppose 0 = 3*r - 5*g - 925, 5*g - 1475 = 4*r - 9*r. Calculate the greatest common divisor of k and r.
20
Let p = 407 + -377. What is the greatest common factor of 1344 and p?
6
Let x(n) = -156*n - 10970. Let d be x(-71). Suppose -3213 = -5*t - 298. What is the highest common factor of t and d?
53
Let p = 691 + -638. Suppose 4*m = -4*v + 88, 4*v - 3 - p = 4*m. What is the greatest common factor of v and 48?
6
Let t(c) = 542*c + 592. Let j be t(-1). What is the highest common divisor of j and 13450?
50
Let r(j) = 139*j - 1096. Let m be r(8). Calculate the greatest common factor of m and 1108.
4
Suppose -17*v + 167566 = 34558. What is the highest common factor of v and 48?
48
Let h = 6 - 0. Suppose -h*v = -v - 30. Suppose -3*m - 4*d = v, -3*m = d + d. Calculate the highest common factor of m and 5.
1
Suppose -2*g + 5147 = 4983. Calculate the highest common factor of 1476 and g.
82
Let g be -98 - 1*(0 + (-2 - -1)). Let i = -73 - g. Let x be 132/30 + (-4)/10. Calculate the greatest common factor of x and i.
4
Let k be (2 + -2)/((-9)/3). Let u be k + 16 + (-6 - -4). Suppose -3*v - 294 + 421 = 2*d, v - 5 = 0. What is the greatest common factor of u and d?
14
Suppose 54 + 76 = 5*c. Let l(o) = 17*o**2 - 71*o - 145. Let g be l(-2). What is the greatest common divisor of g and c?
13
Let z = 4 + -1. Let k = -135413 + 135420. Calculate the highest common factor of z and k.
1
Let f = -8 + 8. Suppose -53*n + 51*n + 4 = f. Let w be n/8 - (-2 - 331/4). What is the highest common factor of 34 and w?
17
Suppose 0*v + 4*v = 0. Suppose t + v*t = 88. Let u(c) = -931*c + 19771. Let k be u(21). Calculate the highest common factor of t and k.
44
Let r = 895670 + -895650. Let d = 5 + 5. Let m be d + (-2 - -2)/2. What is the highest common divisor of m and r?
10
Suppose 30*n - 14*n - 96 = 0. Suppose 476 = n*u - 484. Calculate the highest common divisor of u and 5.
5
Let i be -6 + (-88)/(-8) + 30. What is the highest common divisor of 995 and i?
5
Let p(a) = -37*a**2 - 152*a + 17. Let c be p(-4). What is the greatest common divisor of 4048 and c?
11
Let n = 33 + -33. Let c be 11 - 9 - (n - 2)*1. Let x be (c + 354/(-30))/(1/(-15)). Calculate the greatest common divisor of x and 39.
39
Suppose 0 = -4*y - 44 + 60. Suppose 5*p - 12 = -4*i, -y*i + 9 = -i + p. Suppose a - 3*o + 203 = 5*a, 3*o = i. What is the highest common factor of a and 10?
10
Suppose 0 = -2*y + 2*v + 16388, 0 = -4*y - 5*v + 2427 + 30367. What is the gre